 by 22?
12
What is the remainder when 104417 is divided by 614?
37
What is the remainder when 980219 is divided by 11?
9
What is the remainder when 66717 is divided by 417?
414
What is the remainder when 783 is divided by 741?
42
Calculate the remainder when 27780 is divided by 1540.
60
What is the remainder when 30360 is divided by 197?
22
Calculate the remainder when 115438 is divided by 645.
628
What is the remainder when 28919 is divided by 28884?
35
Calculate the remainder when 22574 is divided by 11283.
8
Calculate the remainder when 1686 is divided by 187.
3
Calculate the remainder when 8112 is divided by 983.
248
What is the remainder when 2599 is divided by 643?
27
Calculate the remainder when 36047 is divided by 18021.
5
Calculate the remainder when 7186 is divided by 1196.
10
What is the remainder when 135076 is divided by 9647?
18
Calculate the remainder when 2861 is divided by 676.
157
Calculate the remainder when 300130 is divided by 75032.
2
Calculate the remainder when 13633 is divided by 17.
16
Calculate the remainder when 145816 is divided by 503.
449
What is the remainder when 19997 is divided by 4994?
21
What is the remainder when 2307 is divided by 1943?
364
Calculate the remainder when 23757 is divided by 580.
557
What is the remainder when 64377 is divided by 1287?
27
Calculate the remainder when 111148 is divided by 45.
43
What is the remainder when 642 is divided by 597?
45
What is the remainder when 4691 is divided by 112?
99
Calculate the remainder when 19503 is divided by 6500.
3
Calculate the remainder when 37178 is divided by 1033.
1023
Calculate the remainder when 9227 is divided by 1359.
1073
Calculate the remainder when 41996 is divided by 240.
236
Calculate the remainder when 6883 is divided by 2293.
4
Calculate the remainder when 2656 is divided by 6.
4
Calculate the remainder when 16640 is divided by 4160.
0
What is the remainder when 1610 is divided by 65?
50
Calculate the remainder when 46623 is divided by 62.
61
What is the remainder when 47447 is divided by 20?
7
Calculate the remainder when 122277 is divided by 40680.
237
What is the remainder when 5005055 is divided by 38?
37
Calculate the remainder when 58836 is divided by 24.
12
Calculate the remainder when 3836 is divided by 287.
105
Calculate the remainder when 100036 is divided by 25.
11
What is the remainder when 3558 is divided by 783?
426
What is the remainder when 855 is divided by 120?
15
What is the remainder when 405832 is divided by 142?
138
Calculate the remainder when 27773 is divided by 742.
319
Calculate the remainder when 2594 is divided by 163.
149
Calculate the remainder when 8379 is divided by 84.
63
What is the remainder when 11961 is divided by 45?
36
Calculate the remainder when 22764 is divided by 3230.
154
Calculate the remainder when 702289 is divided by 56.
49
What is the remainder when 190227 is divided by 15?
12
Calculate the remainder when 567 is divided by 551.
16
Calculate the remainder when 330487 is divided by 872.
871
What is the remainder when 12067 is divided by 1710?
97
What is the remainder when 701010 is divided by 221?
219
What is the remainder when 50745 is divided by 88?
57
What is the remainder when 17010 is divided by 321?
318
What is the remainder when 65114 is divided by 140?
14
Calculate the remainder when 14999 is divided by 3318.
1727
What is the remainder when 275823 is divided by 137905?
13
What is the remainder when 3110 is divided by 228?
146
What is the remainder when 41050 is divided by 291?
19
What is the remainder when 1186 is divided by 69?
13
What is the remainder when 522112 is divided by 93?
10
What is the remainder when 29537 is divided by 953?
947
What is the remainder when 857542 is divided by 79?
76
Calculate the remainder when 7570 is divided by 140.
10
Calculate the remainder when 200562 is divided by 66824.
90
What is the remainder when 459847 is divided by 49?
31
Calculate the remainder when 44481 is divided by 1.
0
What is the remainder when 22211 is divided by 1073?
751
What is the remainder when 582246 is divided by 17?
13
What is the remainder when 4732 is divided by 2155?
422
Calculate the remainder when 28889 is divided by 14439.
11
Calculate the remainder when 126323 is divided by 11.
10
Calculate the remainder when 2344 is divided by 357.
202
What is the remainder when 4182 is divided by 264?
222
What is the remainder when 28284 is divided by 1897?
1726
What is the remainder when 43197 is divided by 18?
15
Calculate the remainder when 232692 is divided by 29.
25
What is the remainder when 9674 is divided by 111?
17
Calculate the remainder when 29204 is divided by 262.
122
Calculate the remainder when 111910 is divided by 1119.
10
Calculate the remainder when 8161 is divided by 435.
331
Calculate the remainder when 34140 is divided by 32.
28
Calculate the remainder when 2196 is divided by 605.
381
Calculate the remainder when 4607223 is divided by 26.
23
What is the remainder when 19653 is divided by 40?
13
Calculate the remainder when 4318 is divided by 72.
70
Calculate the remainder when 13648 is divided by 28.
12
Calculate the remainder when 12712 is divided by 932.
596
What is the remainder when 605 is divided by 88?
77
Calculate the remainder when 2683 is divided by 807.
262
What is the remainder when 7012650 is divided by 103?
101
What is the remainder when 12966 is divided by 4148?
522
What is the remainder when 2543 is divided by 421?
17
What is the remainder when 12684 is divided by 441?
336
What is the remainder when 14645 is divided by 732?
5
Calculate the remainder when 96417 is divided by 14.
13
Calculate the remainder when 555 is divided by 528.
27
What is the remainder when 507513 is divided by 84585?
3
Calculate the remainder when 859398 is divided by 5146.
16
What is the remainder when 2659 is divided by 426?
103
What is the remainder when 2796 is divided by 575?
496
Calculate the remainder when 1106 is divided by 538.
30
Calculate the remainder when 27228 is divided by 2464.
124
What is the remainder when 43867 is divided by 3945?
472
What is the remainder when 38809 is divided by 88?
1
Calculate the remainder when 10897 is divided by 108.
97
Calculate the remainder when 333 is divided by 327.
6
What is the remainder when 3310 is divided by 69?
67
Calculate the remainder when 57037 is divided by 839.
824
What is the remainder when 16903 is divided by 115?
113
Calculate the remainder when 270576 is divided by 566.
28
Calculate the remainder when 41704 is divided by 1892.
80
Calculate the remainder when 42947 is divided by 8566.
117
What is the remainder when 18592 is divided by 4625?
92
What is the remainder when 35188 is divided by 56?
20
Calculate the remainder when 3974 is divided by 668.
634
What is the remainder when 15000 is divided by 14343?
657
Calculate the remainder when 2623 is divided by 182.
75
Calculate the remainder when 3168 is divided by 230.
178
Calculate the remainder when 546308 is divided by 32135.
13
Calculate the remainder when 284768 is divided by 113.
8
What is the remainder when 800 is divided by 2?
0
Calculate the remainder when 1217891 is divided by 37.
36
Calculate the remainder when 9726 is divided by 706.
548
What is the remainder when 2688 is divided by 121?
26
Calculate the remainder when 2817 is divided by 151.
99
Calculate the remainder when 137302 is divided by 36.
34
What is the remainder when 7782 is divided by 778?
2
What is the remainder when 461 is divided by 120?
101
Calculate the remainder when 3667 is divided by 28.
27
What is the remainder when 21522 is divided by 181?
164
What is the remainder when 242567 is divided by 63?
17
What is the remainder when 15691 is divided by 14?
11
Calculate the remainder when 114921 is divided by 25.
21
Calculate the remainder when 476722 is divided by 1538.
1480
What is the remainder when 40046 is divided by 5005?
6
Calculate the remainder when 67159 is divided by 33577.
5
What is the remainder when 32632 is divided by 305?
302
What is the remainder when 130380 is divided by 627?
591
Calculate the remainder when 18507 is divided by 2313.
3
What is the remainder when 119598 is divided by 25?
23
What is the remainder when 1281 is divided by 141?
12
Calculate the remainder when 5